)?
11
Let w be (1 + (-15)/6)*-2. Suppose -158 = -w*s - 2. Suppose 2*c - 2*r - s = r, 4*c - 68 = -3*r. Calculate the remainder when 39 is divided by c.
19
Let m(z) = -z**3 - 6*z**2 - 5*z + 3. Let q be m(-4). Let g(i) = -i - 3. What is the remainder when 23 is divided by g(q)?
5
Suppose -4*g + 3*o = -2*o - 37, 12 = 4*o. What is the remainder when 34 is divided by g?
8
What is the remainder when 6/((-450)/155 + 3) is divided by 33?
29
Let f(t) = -t**3 + t**2 - t - 2. Let x be f(0). Suppose 5*r + 5*c - 104 + 44 = 0, -c + 38 = 3*r. What is the remainder when r is divided by (14/(-1))/x - 2?
3
Suppose 0*i + 3*i = 0. Let k(r) be the third derivative of -r**6/120 + 5*r**3/2 + 2*r**2. What is the remainder when k(i) is divided by 9?
6
Suppose -9 = -5*f + 4*t, 5*f - 2*f - 27 = -3*t. Suppose -86 = 3*u - f*u. Suppose 8*l = 4*l + 60. What is the remainder when u is divided by l?
13
Let l = 66 - 19. Let z(v) = -v**2 - 20*v + 181. What is the remainder when l is divided by z(6)?
22
Let i(y) = -y**3 - 12*y**2 + 12*y + 9. Calculate the remainder when 131 is divided by i(-13).
21
Suppose -2*d - 91 = 5*r - 230, -5 = -r. Calculate the remainder when d is divided by 20.
17
Suppose 0 = l - 2 - 2. Suppose l*v - 22 - 4 = -2*n, 4*v = -3*n + 27. Calculate the remainder when 10 is divided by v.
4
Suppose -15 = -7*x + 2*x. Suppose 2*t + x*o = 5 + 9, 69 = 5*t - o. What is the remainder when 50 is divided by t?
11
Let x = -5 + 7. Let y(o) = -5*o - 12. Let g be y(-5). Let n = g - 8. Calculate the remainder when n is divided by x.
1
Let l = 23 + 3. Suppose 3*v = -v + 36. Let m = l - v. What is the remainder when 49 is divided by m?
15
Let d = -8 + 12. Calculate the remainder when 32 is divided by d/16 - 134/(-8).
15
Let q(c) = c**3 + 14*c**2 - 15*c + 8. Calculate the remainder when 15 is divided by q(-15).
7
Calculate the remainder when (1/(-2))/(7/(-3486)) is divided by 25.
24
Let a = 52 + -14. What is the remainder when a is divided by 13?
12
Let r(k) = k**3 + 7*k**2 - 8*k - 2. Calculate the remainder when r(-7) is divided by 19.
16
Suppose 5*b - 2*b + 3*r = 84, 48 = b + 5*r. Let k = b + -6. What is the remainder when k is divided by 5?
2
Let q(f) = f**2 - 4*f - 5. Let m be q(5). Suppose 2*k - 33 = -5*o, -2*o + 6 = -k - m*o. Let u = -3 + k. What is the remainder when 2 is divided by u?
0
What is the remainder when 4/16 - (-150)/8 is divided by 11?
8
Suppose 865 = -0*g + 5*g. Suppose 5*f = 2 + g. Suppose -17 = -3*n + 4*u + 35, -56 = -5*n - u. What is the remainder when f is divided by n?
11
Let p(j) = -j**3 - 3*j**2 + 27*j + 1. Calculate the remainder when 22 is divided by p(-7).
6
Let g = -29 + 41. Suppose -99 = -2*h + 5*c, 2*h - 90 = -0*h - 4*c. Calculate the remainder when h is divided by g.
11
Suppose 3*u - 118 - 17 = -3*q, 3*u + 12 = 0. Calculate the remainder when q is divided by 26.
23
Let x = -42 - -78. What is the remainder when x is divided by 10?
6
Suppose -4*f = j + 4, j + 2*f - 3 - 3 = 0. What is the remainder when 63 is divided by j?
15
Let x(s) = s**3 - 6*s**2 - 11*s + 7. What is the remainder when x(8) is divided by 12?
11
Let z = 13 - 9. Suppose z*r - 3*r = 15. Let v = -18 + 26. What is the remainder when r is divided by v?
7
Let n = -3 - -3. Let h(a) = a**3 - a**2 + 4. Let s be h(n). Suppose 0 = -4*l + s, -q + 2 = -0*q - 3*l. What is the remainder when 8 is divided by q?
3
Suppose 87 = 3*q - 12. Suppose 2*p = p + 12. Calculate the remainder when q is divided by p.
9
Calculate the remainder when 5/((-20)/16) + 45 is divided by 14.
13
Let z = -49 + 72. Calculate the remainder when z is divided by 12.
11
Let t be 2/(-2)*2*8. Let i = t + 30. Suppose 82 = -5*s + 287. What is the remainder when s is divided by i?
13
Let y(b) = 2*b + 1. Let s(m) = -m**3 + 2*m**2 + m - 1. Let g be s(2). Let w be y(g). What is the remainder when 4*w + 1/(-1) is divided by 6?
5
Let n(w) = -w**3 - 5*w**2 + 11*w + 10. Calculate the remainder when 60 is divided by n(-7).
29
Suppose 14*q - 104 + 34 = 0. What is the remainder when 11 is divided by q?
1
Suppose 2*k - 2*z - 18 = -0*k, 6 = -2*k - 4*z. What is the remainder when 18 is divided by k?
3
Calculate the remainder when (-4)/(2*4/(-208)) is divided by 28.
20
Let u(v) be the third derivative of v**5/30 + v**4/6 + v**3/2 + 6*v**2. What is the remainder when u(-5) is divided by 9?
6
Let r(w) = 45*w - 6. Let d be r(4). Suppose -d = -y + 39. Suppose -2*l + y = 5*c, -l + 168 = 3*c + c. What is the remainder when c is divided by 14?
13
Suppose -2*g + 168 = 2*r, -269 = -2*g + 2*r - 113. Suppose 3*x + 3*p - 59 = -p, 0 = -5*x + 2*p + g. What is the remainder when x is divided by 5?
2
Suppose 2*g = 6, -8*x = -4*x + 4*g - 60. Calculate the remainder when 46 is divided by x.
10
Let l be 8/6*(-12)/8. Let q be 1/3 - l/(-6). Suppose -3*o = -z - 14, 5*o - 4*z + q*z - 35 = 0. What is the remainder when o is divided by 2?
1
Suppose 5*y + 0*a = -a + 32, -2*y + 20 = -2*a. Calculate the remainder when 25 is divided by y.
4
Let o(u) be the second derivative of -u**5/20 + u**4/2 + 3*u**3/2 - 3*u**2/2 + u. What is the remainder when 30 is divided by o(7)?
8
Suppose 3*q + 14 = q - 5*f, 3*q - 29 = 5*f. Let g(o) = o**3 + 0*o**2 + 0*o + 4 - 4*o**2 - q*o. What is the remainder when g(6) is divided by 20?
18
What is the remainder when 131 is divided by ((-22)/(-33))/((2/132)/1)?
43
Let n(d) = d**2 - 6*d + 3. Let s = -10 + 15. Let k be n(s). Calculate the remainder when 3 is divided by 1/((-1)/k - 0).
1
Let p be (-35)/(-10) - (-2)/(-4). Suppose 4 + p = y. What is the remainder when 20 is divided by y?
6
Suppose 0 = -y - 9 + 7. What is the remainder when 59/2 + y/(-4) is divided by 11?
8
Suppose 3*y + 3 = 2*y. Let v = 32 - y. Calculate the remainder when v is divided by 18.
17
Suppose y - 3 + 0 = 0. Suppose -5*w + 2*s = -31, -4*w + 20 = -2*w + y*s. What is the remainder when 32/(-56)*(-182)/4 is divided by w?
5
Let p = -16 - -20. Suppose -5*i + 55 = -0*i. Calculate the remainder when i is divided by p.
3
Let t = 57 + -29. Calculate the remainder when t is divided by 11.
6
Let x(v) = v**3 - 11*v**2 + 5*v + 15. What is the remainder when x(11) is divided by 24?
22
Let c be ((-1)/(-2))/(3/162). Let n = c + -22. What is the remainder when 12 is divided by n?
2
Let t be 1/(2 - (-14)/(-8)). Let l be (t + (-2 - 0))*1. Suppose l*m = 4*i + 28, 1 + 8 = -3*i. What is the remainder when 15 is divided by m?
7
Suppose -2 = -z - 2*a, -2*z + 29 = -3*a + 2*a. What is the remainder when z is divided by (21 + -6)*1/3?
2
Suppose 0 = -g + 3*g - 4, 5*g - 84 = -2*t. What is the remainder when t is divided by 13?
11
Let r = -1 + 3. Suppose -2*v - a + 16 = -7, -5*a - r = -3*v. Calculate the remainder when 25 is divided by v.
7
Suppose -5*l + 4 + 6 = 0, -5*l = -3*u + 5. Suppose 0 = -4*g + 8. What is the remainder when 20 is divided by 11*g*u/10?
9
Let n(u) = -15*u + 5. Let i be n(-5). Suppose 0 = 5*y + 20 - i. What is the remainder when y is divided by (6/(-15)*1)/(2/(-35))?
5
Let s(o) = -o**2 + 5*o + 40. What is the remainder when 78 is divided by s(0)?
38
Let n(q) = 5*q - 9. Let y(z) = -6*z + 10. Let r(c) = 4*n(c) + 3*y(c). Calculate the remainder when 16 is divided by r(6).
4
Let t = 3 + 0. Suppose -10 = -t*p + p. What is the remainder when p is divided by 2?
1
Suppose 0*b - 4*b = 0. Suppose -4*p - 5*h - 14 = -213, 2*p - h - 89 = b. Let q(u) = 3*u**3 - 2*u**2 - u + 2. Calculate the remainder when p is divided by q(2).
14
Suppose 0 = m + 3 - 1. Let s = 25 + -12. What is the remainder when (1 + 24)/(m/(-2)) is divided by s?
12
Let m = 2 - -12. What is the remainder when 27 is divided by m?
13
Let x(l) = -11*l + 2. Suppose -2*n + 3 = -7, 5*k - 2*n - 205 = 0. Suppose -5 = -4*f + k. Calculate the remainder when x(-3) is divided by f.
11
Let j be (-2)/5 + (-22)/(-5). Let d(y) = 2*y**2 + 3*y + 4. Calculate the remainder when d(-3) is divided by ((-5)/(-2))/(2/j).
3
Let z = 276 - 176. Suppose -h - h = -z. What is the remainder when h is divided by 13?
11
Suppose -2*j + 120 = -5*j. Let b = -6 - j. Calculate the remainder when b is divided by 9.
7
Let c be 9*((0 - -3) + -4). What is the remainder when 27 is divided by (c/3)/((-1)/5)?
12
Suppose 0 = m + 2*m - 21. What is the remainder when 11 is divided by m?
4
Suppose -y + 9 = -5*b, 2*b = -3*y - b + 27. Calculate the remainder when y is divid